d - 138 = 2*s, 3*s = -4*d + 4*s + 267. Let g = d + -53. List the prime factors of g.
13
List the prime factors of (-19 - -35)*(-137)/(-2).
2, 137
Let k be (3 + 39/(-15))/((-6)/120). List the prime factors of (-174)/k - (-5)/20.
2, 11
Let c(a) be the second derivative of 5*a**3 - 3*a**2 + 10*a. Let f be c(-2). List the prime factors of (0 - f/15)*5.
2, 11
Suppose -9*a = -366 - 471. List the prime factors of a.
3, 31
Let d(f) = -f**3 - 8*f**2 - 7*f - 7. Let i be d(-7). Suppose -20*g + 15*g = -180. List the prime factors of i*g/(-14)*1.
2, 3
Let u be ((-2)/(-4))/((-3)/282). Let r = 86 + u. Suppose 6*a - a - 4*w - 137 = 0, -r = -a - 5*w. What are the prime factors of a?
29
Let d(s) = s**2 + 9*s - 5. Let z be d(-10). Suppose 2*y - 4*c = 124, -z*y = 3*c - 3 - 359. List the prime factors of y.
2, 5, 7
Let w(q) = q**2 - 2*q - 3. Let c be w(-2). Suppose -6*l = -c*l - 12. List the prime factors of l.
2, 3
Let m(c) = -c**3 + 9*c**2 - 10*c + 11. Let k be m(9). Suppose 0*p + 1008 = -8*p. Let a = k - p. List the prime factors of a.
47
Let p(c) = -169*c + 6. Let s be p(-2). Suppose -74 = -t + 5*l, 5*t - 2*l + 3*l - s = 0. List the prime factors of t.
3, 23
Let i = -7 - -14. Suppose 698 = 3*r - 616. What are the prime factors of 1/i - r/(-21)?
3, 7
Suppose -5 + 18 = 2*u - p, 5*p - 47 = -4*u. List the prime factors of (1 + (-111)/5)/(u/(-40)).
2, 53
Let p = -11 + 16. Let o(h) be the third derivative of h**6/120 - h**5/15 + h**4/24 - 2*h**3 - 13*h**2. What are the prime factors of o(p)?
2, 3
Suppose h + 4*i - 113 = 0, h - 2*i + 0*i - 101 = 0. Let y be 39/(h/48 + -2). Suppose -y = -4*c - 0*c. List the prime factors of c.
2, 13
Suppose -2*l = -r - 51, 5*l + 4*r - 135 = -r. List the prime factors of l*(-148)/(-56) + 6/21.
3, 23
Suppose -13 = -a + 4*z, 0*z = 5*a + z - 65. Suppose -3*l = -a*l + 980. What are the prime factors of l?
2, 7
Suppose -5*a - 5*n + 11575 = 0, 9*a + 2*n - 6946 = 6*a. What are the prime factors of a?
2, 3, 193
Suppose -878*k + 9324 = -871*k. List the prime factors of k.
2, 3, 37
Suppose 398*f = 404*f - 17808. What are the prime factors of f?
2, 7, 53
Let i be (-2279)/(-129) + ((-2)/3)/1. Let l be ((-3)/(-4))/(4/144). Let w = l - i. List the prime factors of w.
2, 5
Let o = 14 - 7. Suppose -o = 4*j - 27. Suppose j*n - 5 = 30. What are the prime factors of n?
7
What are the prime factors of (-1)/3 - (5 + (-664)/3)?
2, 3
Let n be (-7 - -1)*153/(-34). Let r = -14 - -6. What are the prime factors of (n - 3)*(-20)/r?
2, 3, 5
Suppose -q + 1779 = 4*x - 2*x, 0 = -q - 4*x + 1785. What are the prime factors of q?
3, 197
Let k(u) = u**2 - 3*u - 3. Let v be k(3). Let p(t) = -t**3 - 11*t**2 - 9*t + 13. Let r be p(-10). List the prime factors of 13 - (27/r)/v.
2
Let y be -7*((-80)/(-35))/(-4). Suppose -4*o + y*w + 236 = 0, -2*o + 2*w = -2*w - 116. What are the prime factors of o?
2, 3, 5
Suppose 346 = c + 2*a, c = -a + 170 + 181. Suppose 5*t = -n + 364, -n + c = 5*t - 2*n. What are the prime factors of (12/(-18))/((-2)/t)?
2, 3
List the prime factors of ((-2455)/(-3) + -3)*(2 + 1).
2, 1223
Let j be (-637)/(-14) + (-2)/(-4). Suppose -2*b + 8 = -j. Suppose 8*d + b = 11*d. What are the prime factors of d?
3
Let v = -32 + 40. What are the prime factors of v/(-32) + 291/12?
2, 3
Suppose -5*q - 1275 = 5*y, -6*y + 4*y + 2*q = 494. Let w = y - -581. List the prime factors of w.
2, 3, 5, 11
Suppose -28 - 7 = -5*p + 5*a, -a - 19 = -4*p. What are the prime factors of (p + (-708)/(-15))*5/1?
2
Suppose 5*m - 2500 = -5*i, -2*m - 2*m + 2009 = i. What are the prime factors of m?
503
Let o = -247 + 418. Let u = -65 + o. What are the prime factors of u?
2, 53
Let a = 40 - -14. Suppose -a*b - 732 = -57*b. What are the prime factors of b?
2, 61
Let r = -4350 + 7010. What are the prime factors of r?
2, 5, 7, 19
Suppose -2*k = 6, z + 2*k - 6 = -4. List the prime factors of (129/6)/(4/z).
43
Let x = -207 + 630. List the prime factors of x.
3, 47
Let d = 60 + -50. Let t be 2*(-1)/(-2) - 1. Suppose t = 5*p - d*p + 45. List the prime factors of p.
3
Let k(l) = -60*l - 38. What are the prime factors of k(-3)?
2, 71
List the prime factors of (224/(-10))/(2/(-55)) + -4.
2, 3, 17
Suppose 0 = -19*n + n + 4068. List the prime factors of n.
2, 113
Let n(r) = 32*r - 18. Let a be n(-5). List the prime factors of (a/(-8))/(10/40).
89
Suppose 0 = -32*z + 56100 - 1924. List the prime factors of z.
1693
Suppose -2*u = -2*m + 3*u + 65, 2*u = 6. Let n be (0 + -1)/(2/62). Let q = m + n. What are the prime factors of q?
3
Suppose 5*z - 4096 = 4*g - 7*g, -g = 4*z - 1370. List the prime factors of g.
2, 3, 227
Let v(z) = -z**3 - 7*z**2 + 3*z - 5. Let k be v(-7). Let r = -22 - k. List the prime factors of r.
2
Let l(v) = 5*v**2 + v - 1. Let q = -9 + 11. Suppose -18 = 4*f - q*t, 3*f + 2*t = 3 + 1. List the prime factors of l(f).
17
Let i(s) = 21*s**2 - 2*s + 16. What are the prime factors of i(-5)?
19, 29
Let n be -7 - 0*1/(-2). Let c(v) = v + 9. Let p be c(n). Suppose 0*g - p = -g. List the prime factors of g.
2
Let o(b) = -7*b**2 - b. Let q(t) be the third derivative of t**5/60 - t**4/24 + t**3/6 - 12*t**2. Let f(i) = -o(i) - 4*q(i). List the prime factors of f(4).
2
Let n = 136 + -77. Suppose -109 = -2*c + n. What are the prime factors of c?
2, 3, 7
Let m be (35/15)/((-1)/(-42)). Suppose 5*h = -25, h - 6*h - 29 = -j. What are the prime factors of m/j - (-3)/(-6)?
2, 3
List the prime factors of 4/28 - ((-47584)/14)/8.
5, 17
Suppose -3*n + 308 = 5*u - 212, 328 = 3*u + 5*n. What are the prime factors of u?
101
Suppose c = -3*v + 158, 5*c = v - 17 - 57. Let k(g) = g**3 - 9*g**2 + 10*g - 8. Let x be k(9). Let j = x - v. What are the prime factors of j?
2, 7
Suppose -2*u - 21 = -2*b - u, -4*b + 24 = 4*u. List the prime factors of (-3)/b - (-181)/3.
2, 3, 5
Suppose -3*z = 5*y - 7, -8 = -3*z - 2*y - 2*y. Suppose 0*f + 139 = 3*j + z*f, -3 = -3*f. What are the prime factors of j?
3, 5
Suppose d = -0*d - 211. Let n = -84 - d. What are the prime factors of n?
127
List the prime factors of (-6 - 13556/(-12))/((-4)/(-12)).
3371
Suppose -7*f + 2568 = -1156. What are the prime factors of f?
2, 7, 19
List the prime factors of 1 + (-8)/4 - -578.
577
Let o be 12/(-9)*(-69)/(-2). Let j = 113 + o. List the prime factors of j.
67
Suppose -4*i - 4*d + 8 = 0, 0 = -3*i - 4*d + 2 + 3. Suppose i*x + 130 = 8*x. Suppose 6*y = 7*y - x. What are the prime factors of y?
2, 13
Suppose 4*y = -2*y + 24576. What are the prime factors of y?
2
What are the prime factors of 2 + 12/(-9) + (-48240)/(-54)?
2, 3, 149
Let a be (-27)/12*(-12)/9 - -98. Let l = a + -43. List the prime factors of l.
2, 29
Let o(b) = 1 + 20*b + b + 2*b**2 - 6. List the prime factors of o(-12).
31
Let o be 1*(-7)/(-3)*3. Let h be ((-4)/(-5))/(o/35). Suppose -2*q + h*m = -34, -5*q - 6 = -m - 100. What are the prime factors of q?
19
Suppose 18027 = 25*i - 1848. List the prime factors of i.
3, 5, 53
Let j(d) = d**2 + 4*d - 8. Let f be j(-6). Suppose y - 10 = 4*t + 44, -3*y = f*t - 226. Suppose r - y + 11 = 0. List the prime factors of r.
59
What are the prime factors of 16/(-48) + 2324/6?
3, 43
Suppose -v = -4*v + z + 76, -z = 5*v - 124. What are the prime factors of 4/(-10) - (-1135)/v?
3, 5
Suppose u - 3*c = -4*u + 4, 2*u - c = 2. Suppose -82 - 34 = -u*p. List the prime factors of p.
2, 29
Suppose 9*p + 3*p - 7*p = 0. Suppose 4*i - 373 = t - 0*t, p = 3*i + 3*t - 261. List the prime factors of i.
2, 23
Let a be (-4)/6 + 1212/18*-1. Let k = 95 + a. List the prime factors of k.
3
Suppose -149 = 4*f - 137, -4*m + 24785 = 5*f. List the prime factors of m.
2, 5, 31
Suppose 111*f - 26520 = 98*f. What are the prime factors of f?
2, 3, 5, 17
Let y(x) = -300*x**3 + 2*x**2 + 3*x - 3. What are the prime factors of y(-2)?
2399
Suppose -3 - 12 = -5*o, 5*o - 2620 = 5*x. Let n = -287 - x. List the prime factors of n.
2, 3, 13
Let b(y) = y + 1. Let o(i) = i + 109. Let f(l) = -2*b(l) + o(l). List the prime factors of f(0).
107
Suppose 3*u = -r + 3*r - 4, -3 = -4*u + r. Suppose -10 = u*n, -4*n - 99 = -4*g - n. List the prime factors of g.
3, 7
Let p be ((-22)/(-8))/(((-21)/28)/(-3)). Let a(y) = y**3 - 11*y**2 + 5*y - 13. What are the prime factors of a(p)?
2, 3, 7
Let b = -7 - -7. Let n(u) = -2 + u + b + 1 - 2. List the prime factors of n(5).
2
Let i(g) = 11*g - 7. Let z = -47 + 5